{"id":3548,"date":"2013-07-08T20:03:51","date_gmt":"2013-07-08T18:03:51","guid":{"rendered":"http:\/\/storytellers.se\/?page_id=3548"},"modified":"2013-07-08T20:03:51","modified_gmt":"2013-07-08T18:03:51","slug":"matts-heijbel","status":"publish","type":"page","link":"https:\/\/storytellers.se\/?page_id=3548","title":{"rendered":"Matts Heijbel"},"content":{"rendered":"<p>Matts Heijbel var den som f\u00f6rst f\u00f6rde in tankarna p\u00e5 Corporate Storytelling och Storytelling in and about organizations i Sverige.<\/p>\n<p>Sen 1999 fokuserar han helt p\u00e5 Storytelling. Han har han med sin bakgrund som journalist och f\u00f6rfattare med socialantropologisk samarbetat med 100-tals f\u00f6retag och organisationer i Sverige och internationellt. Privata, offentliga och ideella. P\u00e5 senare \u00e5r alltmer ocks\u00e5 inom EU-sf\u00e4ren p\u00e5 olika s\u00e4tt.<\/p>\n<p>H\u00f6gskolor och universitet anlitar honom som f\u00f6rel\u00e4sare och han har ocks\u00e5 vid flera tillf\u00e4llen som konsult st\u00f6ttat h\u00f6gskolor och universitet i jakten p\u00e5 deras egna ber\u00e4ttelser.<\/p>\n<p>10.000-tals m\u00e4nniskor har h\u00f6rt hans f\u00f6rel\u00e4sningar och seminarier. V\u00e5ren 2014 kom tredje upplagan av hans bok <strong><em>Storytelling befolkar varum\u00e4rket<\/em><\/strong>.<\/p>\n<p>En storytellingkontakt med Matts Heijbel kan vara allt fr\u00e5n en enkel frukostf\u00f6rel\u00e4sning, via workshops och sk\u00f6rdefester till fullt utbyggda projekt f\u00f6r att bygga ber\u00e4ttande organisationer. V\u00e4lkommen f\u00f6r en diskussion.<\/p>\n<p>Ta kontakt via <a href=\"mailto:matts@storytellers.se\">matts@storytellers.se<\/a><\/p>\n<p>&nbsp;<\/p>\n","protected":false},"excerpt":{"rendered":"<p>Matts Heijbel var den som f\u00f6rst f\u00f6rde in tankarna p\u00e5 Corporate Storytelling och Storytelling in and about organizations i Sverige. Sen 1999 fokuserar han helt p\u00e5 Storytelling. Han har han med sin bakgrund som journalist och f\u00f6rfattare med socialantropologisk samarbetat med 100-tals f\u00f6retag och organisationer i Sverige och internationellt. Privata, offentliga och ideella. P\u00e5 senare&#8230;<\/p>\n","protected":false},"author":2,"featured_media":0,"parent":0,"menu_order":0,"comment_status":"open","ping_status":"open","template":"","meta":[],"_links":{"self":[{"href":"https:\/\/storytellers.se\/index.php?rest_route=\/wp\/v2\/pages\/3548"}],"collection":[{"href":"https:\/\/storytellers.se\/index.php?rest_route=\/wp\/v2\/pages"}],"about":[{"href":"https:\/\/storytellers.se\/index.php?rest_route=\/wp\/v2\/types\/page"}],"author":[{"embeddable":true,"href":"https:\/\/storytellers.se\/index.php?rest_route=\/wp\/v2\/users\/2"}],"replies":[{"embeddable":true,"href":"https:\/\/storytellers.se\/index.php?rest_route=%2Fwp%2Fv2%2Fcomments&post=3548"}],"version-history":[{"count":0,"href":"https:\/\/storytellers.se\/index.php?rest_route=\/wp\/v2\/pages\/3548\/revisions"}],"wp:attachment":[{"href":"https:\/\/storytellers.se\/index.php?rest_route=%2Fwp%2Fv2%2Fmedia&parent=3548"}],"curies":[{"name":"wp","href":"https:\/\/api.w.org\/{rel}","templated":true}]}}

<p>Matts Heijbel var den som först förde in tankarna på Corporate Storytelling och Storytelling in and about organizations i Sverige.</p>
<p>Sen 1999 fokuserar han helt på Storytelling. Han har han med sin bakgrund som journalist och författare med socialantropologisk samarbetat med 100-tals företag och organisationer i Sverige och internationellt. Privata, offentliga och ideella. På senare år alltmer också inom EU-sfären på olika sätt.</p>
<p>Högskolor och universitet anlitar honom som föreläsare och han har också vid flera tillfällen som konsult stöttat högskolor och universitet i jakten på deras egna berättelser.</p>
<p>10.000-tals människor har hört hans föreläsningar och seminarier. Våren 2014 kom tredje upplagan av hans bok <strong><em>Storytelling befolkar varumärket</em></strong>.</p>
<p>En storytellingkontakt med Matts Heijbel kan vara allt från en enkel frukostföreläsning, via workshops och skördefester till fullt utbyggda projekt för att bygga berättande organisationer. Välkommen för en diskussion.</p>
<p>Ta kontakt via <a href="mailto:matts@storytellers.se">matts@storytellers.se</a></p>
<p>&nbsp;</p>

<p>Matts Heijbel var den som först förde in tankarna på Corporate Storytelling och Storytelling in and about organizations i Sverige. Sen 1999 fokuserar han helt på Storytelling. Han har han med sin bakgrund som journalist och författare med socialantropologisk samarbetat med 100-tals företag och organisationer i Sverige och internationellt. Privata, offentliga och ideella. På senare&#8230;</p>
